{"id":523,"date":"2018-09-19T08:30:42","date_gmt":"2018-09-19T11:30:42","guid":{"rendered":"https:\/\/marciel.com.br\/?page_id=523"},"modified":"2023-09-02T02:53:50","modified_gmt":"2023-09-02T05:53:50","slug":"politica-de-privacidade-termos-de-uso-do-ccbvirtual-plus","status":"publish","type":"page","link":"https:\/\/marciel.com.br\/?page_id=523","title":{"rendered":"Politica de Privacidade &#8211; Termos de Uso do CCBVirtual Plus &#038; PRO"},"content":{"rendered":"<p><strong>Termos de Uso \u2013 Pol\u00edtica de Privacidade<\/strong><\/p>\n<p>Para continuar, voc\u00ea deve ler e aceitar os termos de uso deste aplicativo.<\/p>\n<p><strong>Resumo<\/strong><\/p>\n<p>O aplicativo ir\u00e1 solicitar permiss\u00e3o para:<\/p>\n<ul>\n<li>Acesso e navega\u00e7\u00e3o \u00e0 Internet via Wi-Fi ou via plano de dados (tarifas da operadora podem ser aplicadas);<\/li>\n<li>Acesso para ler e gravar em mem\u00f3ria interna ou externa do seu dispositivo;<\/li>\n<li>Acesso para alertas e notifica\u00e7\u00f5es do aplicativo;<\/li>\n<li>Armazenamento de configura\u00e7\u00f5es e dados de uso (do aplicativo).<\/li>\n<li>Exibi\u00e7\u00e3o de an\u00fancios durante o uso do aplicativo.<\/li>\n<\/ul>\n<p>O n\u00e3o fornecimento desses acessos pode impossibilitar que este aplicativo funcione corretamente.<\/p>\n<p>Este aplicativo poder\u00e1 solicitar outras permiss\u00f5es como:<\/p>\n<ul>\n<li>Acesso a site externo e download de arquivos\/documentos para leitura e armazenamento (dados de tr\u00e1fego da web);<\/li>\n<li>Exibi\u00e7\u00e3o de seu endere\u00e7o de e-mail para o desenvolvedor quando enviado um texto para o suporte;<\/li>\n<li>Resposta \u00e0 sua solicita\u00e7\u00e3o atrav\u00e9s do seu e-mail.<\/li>\n<\/ul>\n<p>Al\u00e9m das informa\u00e7\u00f5es contidas nesta pol\u00edtica de privacidade, este aplicativo pode fornecer ou solicitar informa\u00e7\u00f5es adicionais e contextuais relativas aos servi\u00e7os deste.<\/p>\n<p><strong>Altera\u00e7\u00f5es a esta pol\u00edtica de privacidade<\/strong><\/p>\n<p>O desenvolvedor se reserva o direito de fazer altera\u00e7\u00f5es a esta pol\u00edtica de privacidade a qualquer momento dando aviso aos seus usu\u00e1rios atrav\u00e9s da p\u00e1gina <a href=\"https:\/\/marciel.com.br\/?page_id=523\">https:\/\/marciel.com.br\/?page_id=523<\/a> ou atrav\u00e9s do link dispon\u00edvel na p\u00e1gina do aplicativo na Google Play. \u00c9 recomend\u00e1vel verificar esta p\u00e1gina esporadicamente. Se um usu\u00e1rio fizer obje\u00e7\u00e3o a qualquer das altera\u00e7\u00f5es na Pol\u00edtica, o Usu\u00e1rio deve deixar de usar este aplicativo.<\/p>\n<p>Aviso aos usu\u00e1rios europeus: esta declara\u00e7\u00e3o de privacidade foi preparada em cumprimento das obriga\u00e7\u00f5es nos termos do art. 10 da Diretiva CE n. 95\/46 \/ CE, e de acordo com as disposi\u00e7\u00f5es da Diretiva 2002\/58 \/ EC, conforme revisado pela Diretiva 2009\/136 \/ EC, sobre o assunto de Cookies.<\/p>\n<p><strong>Esta pol\u00edtica de privacidade refere-se exclusivamente a este aplicativo.<\/strong><\/p>\n<p>Voc\u00ea pode solicitar a exclus\u00e3o de seus dados ou receber mais informa\u00e7\u00f5es atrav\u00e9s do desenvolvedor <a href=\"mailto:contato@marciel.net\">por e-mail<\/a>.<\/p>\n","protected":false},"excerpt":{"rendered":"<p>Termos de Uso \u2013 Pol\u00edtica de Privacidade Para continuar, voc\u00ea deve ler e aceitar os termos de uso deste aplicativo. Resumo O aplicativo ir\u00e1 solicitar permiss\u00e3o para: Acesso e navega\u00e7\u00e3o \u00e0 Internet via Wi-Fi ou via plano de dados (tarifas da operadora podem ser aplicadas); Acesso para ler e gravar em mem\u00f3ria interna ou externa do seu dispositivo; Acesso para alertas e notifica\u00e7\u00f5es do aplicativo; Armazenamento de configura\u00e7\u00f5es e dados de uso (do aplicativo). Exibi\u00e7\u00e3o de an\u00fancios durante o uso do aplicativo. O n\u00e3o fornecimento&#8230;<span class=\"clearfix clearfix-post\"><\/span><a href=\"https:\/\/marciel.com.br\/?page_id=523\" class=\"more-link\">Continue a ler <span class=\"screen-reader-text\">&#8220;Politica de Privacidade &#8211; Termos de Uso do CCBVirtual Plus &#038; PRO&#8221;<\/span> <span class=\"meta-nav\">&rarr;<\/span><\/a><\/p>\n","protected":false},"author":1,"featured_media":0,"parent":0,"menu_order":0,"comment_status":"closed","ping_status":"closed","template":"","meta":{"footnotes":""},"class_list":["post-523","page","type-page","status-publish","hentry"],"_links":{"self":[{"href":"https:\/\/marciel.com.br\/index.php?rest_route=\/wp\/v2\/pages\/523","targetHints":{"allow":["GET"]}}],"collection":[{"href":"https:\/\/marciel.com.br\/index.php?rest_route=\/wp\/v2\/pages"}],"about":[{"href":"https:\/\/marciel.com.br\/index.php?rest_route=\/wp\/v2\/types\/page"}],"author":[{"embeddable":true,"href":"https:\/\/marciel.com.br\/index.php?rest_route=\/wp\/v2\/users\/1"}],"replies":[{"embeddable":true,"href":"https:\/\/marciel.com.br\/index.php?rest_route=%2Fwp%2Fv2%2Fcomments&post=523"}],"version-history":[{"count":4,"href":"https:\/\/marciel.com.br\/index.php?rest_route=\/wp\/v2\/pages\/523\/revisions"}],"predecessor-version":[{"id":827,"href":"https:\/\/marciel.com.br\/index.php?rest_route=\/wp\/v2\/pages\/523\/revisions\/827"}],"wp:attachment":[{"href":"https:\/\/marciel.com.br\/index.php?rest_route=%2Fwp%2Fv2%2Fmedia&parent=523"}],"curies":[{"name":"wp","href":"https:\/\/api.w.org\/{rel}","templated":true}]}}